. Suppose -8*c = -q*c - 81. List the prime factors of c.
3
Suppose 3*l + 230 = 74. Let a = 25 + l. What are the prime factors of (-6)/a + 61/9?
7
Let x(n) = 2*n - 5. Let d be x(6). Suppose d*p + 100 = 2*p. List the prime factors of 4/p + (-123)/(-15).
2
Suppose -3*u = 2*u + 2*n - 28, 0 = 4*u + 5*n - 19. Let j = 16 + u. What are the prime factors of j?
2, 11
Let s(q) = 3*q - 3. Let u be s(2). Suppose u*z = -4*c + 6 + 11, -3*c - 17 = -2*z. List the prime factors of z.
7
Suppose -236 = f - 5*f. List the prime factors of f.
59
Let u be 1/(-3 + 4)*-10. Let t = u + 17. What are the prime factors of t?
7
Suppose v + 19 = 59. Let r = -4 + v. What are the prime factors of r?
2, 3
Let d be (-569)/((-3)/4 + 1). Let o be d/(-36) - 4/18. Suppose -6*v + 3*v + o = 0. What are the prime factors of v?
3, 7
Let m = 41 - 27. List the prime factors of m.
2, 7
Suppose -15 = 2*m - 3*u, 4*m + 23 = -4*u + 3*u. What are the prime factors of -9*(2 + (m - -3))?
3
Let i(u) be the second derivative of u**5/20 + u**4/4 - u**3/2 + u**2/2 + u. List the prime factors of i(2).
3, 5
Let h(v) = -v + 3. Suppose -3*m + 5 = 5*a, 3*m - 3 = -3*a - 0. Let g = m - 0. What are the prime factors of h(g)?
3
Suppose 2*z - 2*g - 4 = 2, 3*g + 5 = -z. Let b(c) = 1 + z + 4 + 5*c - 4. What are the prime factors of b(3)?
17
Let m = 12 + -7. Suppose 0 = m*d + 58 - 143. What are the prime factors of d?
17
Let x be (-1 - (-4)/2) + -5. Let c be 13/x - 4/(-16). What are the prime factors of 1/(c/(-27)) + -2?
7
Suppose 4*m + 12 = -8. Suppose -3*v = i - 2*i - 37, 3*i + 46 = 4*v. Let x = m + v. List the prime factors of x.
2
Let y(s) = -2*s + 9. Let c be y(6). List the prime factors of 14/2*(-2 - c).
7
Let b(q) = -q**2 + 7*q - 2. Suppose -5*t + 18 - 3 = 0. Let a be b(t). Suppose x = 3*x - a. List the prime factors of x.
5
Suppose -4*d = -d. Let w be d*3/9*-1. Let m(r) = r**2 + r + 5. List the prime factors of m(w).
5
Suppose -5*p = -3*p - 10. Suppose -3*i - 5*h - 15 = 0, p*h + 15 = 6*i - i. Suppose i = s - 2*s + 12. List the prime factors of s.
2, 3
Suppose 3*p + 485 = 8*p. What are the prime factors of p?
97
Let p = 5 + -11. Let h be 12/(-10)*50/(-15). What are the prime factors of (21/p)/((-2)/h)?
7
What are the prime factors of 884/10 + 2/(-5)?
2, 11
Suppose -2*l + 49 = o, 0 = -l - 0*o - 3*o + 27. What are the prime factors of l?
2, 3
Let o = 7 - 4. Let k be (-3 - -2)/(1/o). Let r = 18 + k. List the prime factors of r.
3, 5
What are the prime factors of ((-220)/(-6))/((-4)/(-24))?
2, 5, 11
Suppose -4*j + 2 = -6, 0 = -4*n - j - 22. Let t be 118/n + 1/(-3). Let o = -10 - t. What are the prime factors of o?
2, 5
Let n(t) = 46*t**2 - 5*t + 9. Let u(a) = -23*a**2 + 2*a - 4. Let r(m) = -3*n(m) - 7*u(m). List the prime factors of r(-1).
23
Let p be (-1 + 9/6)*2. Let v be p - (-2 + (-1 - -2)). Suppose v*c - 9 = 9. List the prime factors of c.
3
Let m be ((-78)/(-9))/((-2)/(-3)). Let w = -7 + m. What are the prime factors of ((-3)/(-1))/(w/4)?
2
Let g(n) = -n**2 - 7*n - 1. Let f be g(-8). Let y = 3 - f. List the prime factors of y.
2, 3
Suppose 6 = -2*s - 2*z + 3*z, -3*z + 8 = -4*s. Let d = 12 - s. List the prime factors of d.
17
Suppose 0 = 3*w + 5*k - 33, -4*w + k = -5*w + 9. Suppose -r + 33 = w. What are the prime factors of r?
3
Suppose 4*k - 4 = p, -k = 2*k. Let v = p + 7. Suppose 4*n - v*w + 15 - 64 = 0, -5*n + 47 = w. List the prime factors of n.
2, 5
Suppose -4*u + 31 = -n, 14 + 23 = 4*u + 5*n. Suppose -u = 2*a, a = 4*i - 26 - 6. Let l = 3 + i. What are the prime factors of l?
2, 5
Suppose -12*a + 10*a + 10 = 0. Suppose -w = 4 - 2. Let o = a + w. What are the prime factors of o?
3
Let b(n) = -n**3 - 13*n**2 + n + 13. Let y be b(-13). Suppose -2*t + 5*z - 23 = -103, -t + 2*z + 39 = y. List the prime factors of t.
5, 7
Let h(k) = k**3 + k**2 - 2*k. Let l be h(-2). Suppose l = 7*c - 6*c - 5. Let u = c + 13. List the prime factors of u.
2, 3
Suppose 89 = 2*g - 3*h, 0 = -8*g + 4*g + 5*h + 181. Let l = g - 26. What are the prime factors of l?
23
Suppose -3*p + 5*i = -231, 4*i - 3*i = -5*p + 413. What are the prime factors of p?
2, 41
Suppose -3*a = -3 - 6. Suppose 2*k = -a*k + 100. List the prime factors of k.
2, 5
Let v be (-136)/14 - 8/28. Suppose 10*u - 5*u + 2*l - 728 = 0, 4*l - 304 = -2*u. List the prime factors of (-4)/v - u/(-15).
2, 5
Let s be (-13)/4*(-40)/2. Suppose u = -4*u + s. What are the prime factors of u?
13
Let b(a) = -6*a - 2. Suppose 0 = -d + 5*t + 17, -2*d - 2*d - 2*t - 20 = 0. What are the prime factors of b(d)?
2
Let u(y) = 20*y**2 - 2*y - 1. Let a be u(-1). Suppose 3 = -t + a. List the prime factors of t.
2, 3
Suppose -4*c = -a + 41, 5*c + 65 + 23 = 3*a. Let l = a + -9. List the prime factors of l.
2, 3
Suppose 0 = -t - 0*t - 5*d - 2, 3*d = -4*t + 9. Let o be 13/3 - 4/(-6). Suppose t*q - 24 = -j, 57 - 1 = o*j - q. What are the prime factors of j?
2, 3
Let n = 22 + 20. What are the prime factors of n?
2, 3, 7
Let b(n) = n**3 - 2*n + 1. Let x be b(1). Suppose x = -2*y + 4*q - 0*q, 0 = -5*q + 5. List the prime factors of y.
2
Let j(q) = -q**2 - q - 6. Let g be j(8). Let z = g - -113. List the prime factors of z.
5, 7
Let a be (-36 + -2)/(3 + -4). Let b = a - 23. What are the prime factors of b?
3, 5
Let v = 0 + 4. Suppose 4*g - 3 - 5 = 0. Suppose 5*x - g = -2*u, 30 = 4*u + x - v*x. What are the prime factors of u?
2, 3
Let m(a) = -a**3 - 5*a**2 + 5*a - 2. Let c be m(-6). Suppose 45 = -5*v + c*k, k + k - 10 = 0. Let j = -2 - v. What are the prime factors of j?
3
Let z(o) = o**3 - 4*o + 3. Let r(t) = t - 10. Let x be r(13). List the prime factors of z(x).
2, 3
Let k(w) = 22*w + 11. What are the prime factors of k(5)?
11
Let u(h) = -h**3 + 30*h**2 + 2*h - 7. What are the prime factors of u(30)?
53
Suppose b - 261 - 26 = -3*a, 2*a = -3*b + 196. What are the prime factors of a?
5, 19
Let b = 43 - 19. What are the prime factors of b?
2, 3
Suppose -4*u - 36 = 4*c, u + 25 = -c - 4*c. Let q be c/(-6)*(-207)/(-6). Suppose 5*w - 26 - q = -z, 3*w - 5*z - 35 = 0. What are the prime factors of w?
2, 5
Suppose 6*t - 85 = 53. What are the prime factors of t?
23
Suppose 5*i - 4 = -14. Let d(h) be the first derivative of -h**4/2 - h**3 - 2*h**2 - 3*h - 1. What are the prime factors of d(i)?
3
Suppose -12 = -5*j + 2*j. Suppose -210 = -t - j*t. Suppose 4*d - 33 = f, 0 = -5*d + d - 2*f + t. What are the prime factors of d?
3
Let i(t) = -t**3 - 23*t**2 - 23*t + 46. List the prime factors of i(-22).
2, 17
Suppose d = -2*x + 205, 0 = 5*d - 10*d - 5. What are the prime factors of x?
103
Suppose 65 + 45 = 5*c. What are the prime factors of c?
2, 11
Let t = 3 - -6. Let q = 9 + t. What are the prime factors of q?
2, 3
Let f = 103 - 292. Let d be 4/10 + f/(-15). Suppose 5*v = -10, -2*k - v = k - d. What are the prime factors of k?
5
Let s(y) be the third derivative of -y**5/60 - y**4/8 - y**3/3 + 2*y**2. Let l be s(-2). Suppose l = 3*j, 4*j + 3 = v - 4. What are the prime factors of v?
7
Suppose -2*l = -3*l + 30. Suppose 0*y = -y + l. Suppose 10*q - 5*q - y = 0. What are the prime factors of q?
2, 3
Suppose 3*l + 0*i - 393 = 4*i, -i = l - 138. Suppose c + l = 4*c. What are the prime factors of c?
3, 5
Let l = -21 - -47. List the prime factors of l.
2, 13
Let x(f) be the first derivative of 3*f**2/2 - 8*f - 3. List the prime factors of x(7).
13
What are the prime factors of (-446)/(-6) - (-10)/15?
3, 5
Let y(p) be the second derivative of p**5/20 - p**4/2 + 2*p**3/3 + 7*p**2/2 - p. List the prime factors of y(5).
2
Let y(c) = 5*c**3 + 2*c**2 - c. Let u be y(1). Let a(p) = -p**3 + 6*p**2 + p + 5. Let x be a(u). List the prime factors of x - (0 + 3/(-3)).
2, 3
Suppose -21 = 2*c - 5*c. Let z = 51 + -30. Suppose 3*q - z = 5*w, 4*w - c - 65 = -5*q. What are the prime factors of q?
2, 3
Let f be (-56)/16*(-4)/7. Suppose f*m + m = 60. What are the prime factors of m?
2, 5
Suppose 6*h - h - 60 = 0. Let r = h - 7. Suppose w = -5, 4*s = -w + r*w + 28. List the prime factors of s.
2
Suppose -7 = -3*q + 215. Let w = -53 + q. List the prime factors of w.
3, 7
Let u(x) = -x + 12. Let v(t) = t - 4. Let g be v(6). Suppose k = g*k. List the prime factors of u(k).
2, 3
Suppose -8*c - 90 = -5*a - 3*c, -5*a - 3*c = -58. Suppose y - 2 = a. Suppose j - 2*s = y, -2*s = 5*j - 0*j - 80. List the prime factors of j.
2
Let w(v) = -v**2 -